nd 4757.
67
What is the highest common factor of 43964 and 814900?
116
Calculate the greatest common divisor of 23452 and 103532.
572
Calculate the greatest common factor of 5071 and 1004.
1
What is the greatest common divisor of 67862088 and 211932?
7308
Calculate the highest common factor of 1960 and 6628840.
40
Calculate the greatest common factor of 7793464 and 504.
56
Calculate the greatest common factor of 2097288928 and 224.
224
Calculate the greatest common divisor of 1319778 and 576.
18
What is the greatest common factor of 6252 and 417378831?
1563
Calculate the greatest common divisor of 19272638 and 9542.
734
What is the highest common factor of 3189939 and 1114?
557
What is the highest common divisor of 168839878 and 10662?
3554
What is the highest common divisor of 5048994 and 60039?
2859
Calculate the highest common factor of 40 and 69512.
8
What is the highest common factor of 4172 and 2215836?
28
What is the greatest common factor of 981167 and 286?
11
Calculate the greatest common factor of 41 and 394911631.
41
What is the greatest common factor of 678348 and 542916?
1188
Calculate the highest common divisor of 4615 and 3455283.
13
What is the highest common factor of 5423 and 47019841?
187
Calculate the greatest common divisor of 2564 and 14248789.
641
What is the highest common divisor of 491260 and 149611?
2233
What is the highest common factor of 383928 and 35904?
408
Calculate the greatest common factor of 752 and 401051.
47
Calculate the greatest common divisor of 16775 and 2376011.
671
What is the greatest common divisor of 9588 and 296288?
188
Calculate the greatest common factor of 3718875 and 26085.
705
What is the greatest common factor of 19069970 and 230?
10
Calculate the highest common divisor of 27543 and 1578.
3
Calculate the highest common divisor of 13542627 and 1974.
987
What is the highest common factor of 3583827 and 1521?
117
Calculate the greatest common factor of 58178136 and 24.
24
Calculate the highest common factor of 669537 and 5247.
99
Calculate the greatest common divisor of 612413 and 1511212.
809
Calculate the greatest common factor of 835741 and 1192.
149
Calculate the highest common factor of 5337 and 369698141.
593
Calculate the greatest common factor of 21609 and 28953.
9
Calculate the highest common factor of 9384537 and 1921.
113
What is the highest common divisor of 8130 and 9374703?
813
Calculate the greatest common divisor of 233 and 23649733.
233
What is the greatest common factor of 74866022 and 176?
22
Calculate the greatest common divisor of 5809186 and 474.
158
Calculate the highest common divisor of 775 and 177254590.
155
Calculate the greatest common divisor of 615955 and 840.
5
Calculate the highest common factor of 17 and 34934847.
17
Calculate the highest common factor of 21336 and 832952.
8
Calculate the highest common factor of 5368264 and 110.
22
Calculate the highest common divisor of 26 and 1494988.
2
What is the greatest common factor of 58592 and 61525262?
3662
What is the greatest common divisor of 433182750 and 40?
10
Calculate the highest common divisor of 40548402 and 414.
414
What is the greatest common divisor of 100014 and 8189121?
633
What is the greatest common factor of 26271 and 8515696?
973
Calculate the greatest common factor of 36321435 and 9.
9
Calculate the highest common factor of 143350 and 1073600.
3050
What is the greatest common divisor of 232586648 and 56?
56
Calculate the greatest common factor of 1786 and 4017278.
94
Calculate the greatest common factor of 10 and 9035170.
10
Calculate the highest common factor of 113113 and 2319317.
1001
Calculate the highest common divisor of 16559944 and 2090.
38
Calculate the highest common divisor of 570216 and 4.
4
What is the greatest common divisor of 107420 and 553500?
820
Calculate the highest common divisor of 2547347 and 5679.
631
Calculate the greatest common divisor of 25461 and 910179.
207
Calculate the greatest common factor of 127479506 and 5764.
2882
What is the greatest common divisor of 130 and 24616150?
130
Calculate the greatest common factor of 5446 and 3168794.
778
Calculate the greatest common divisor of 111 and 6195169.
37
What is the highest common divisor of 312851462 and 409?
409
Calculate the highest common divisor of 2162 and 41794.
2
Calculate the greatest common factor of 12 and 33161236.
4
What is the highest common divisor of 12033729 and 1478180?
6719
What is the greatest common factor of 11 and 80918541?
11
What is the highest common divisor of 280 and 534483180?
140
What is the greatest common factor of 2015646 and 258?
6
What is the highest common divisor of 936192 and 174688?
1696
Calculate the greatest common divisor of 1064 and 5022136.
56
Calculate the highest common factor of 5591245 and 2035.
55
What is the highest common divisor of 1144 and 666302?
26
What is the greatest common factor of 14884 and 1026203?
61
Calculate the greatest common factor of 66420 and 347680.
820
What is the greatest common factor of 196 and 20563396?
28
What is the greatest common divisor of 15 and 1091197635?
15
What is the greatest common factor of 7983 and 13393700?
887
What is the greatest common factor of 382220 and 491614?
1318
What is the highest common divisor of 4650 and 32370?
30
What is the greatest common factor of 898478668 and 118?
118
Calculate the greatest common factor of 168733534 and 102.
34
What is the greatest common factor of 14991 and 651714?
789
Calculate the highest common factor of 308921 and 1007.
19
Calculate the greatest common factor of 2648980 and 880.
20
What is the greatest common divisor of 30534120 and 47526?
534
Calculate the highest common divisor of 13241095 and 287.
7
Calculate the highest common factor of 63360 and 2233638.
198
What is the highest common divisor of 21368319 and 168?
21
Calculate the highest common factor of 5923176 and 47544.
168
What is the highest common factor of 156 and 5002647?
39
What is the highest common factor of 4920 and 6259020?
60
What is the greatest common factor of 5014383 and 6721?
517
Calculate the greatest common divisor of 52 and 66998528.
4
Calculate the highest common divisor of 42436071 and 21862.
643
Calculate the highest common divisor of 15326518 and 335.
67
What is the highest common factor of 12748909 and 41?
41
What is the highest common factor of 561986 and 612?
34
Calculate the greatest common divisor of 9705 and 165090.
15
Calculate the highest common factor of 96345 and 290.
5
Calculate the highest common divisor of 195 and 394895.
5
Calculate the greatest common divisor of 116247223 and 601.
601
Calculate the greatest common factor of 776 and 246458764.
388
What is the highest common divisor of 2052984 and 9841?
757
What is the highest common factor of 13804491 and 21?
3
Calculate the highest common factor of 137977 and 2967.
23
What is the highest common factor of 4225606 and 1012?
506
What is the greatest common factor of 146 and 574885877?
73
Calculate the highest common factor of 4717 and 11303.
89
Calculate the greatest common divisor of 6110 and 17874805.
3055
What is the highest common divisor of 12115 and 1097619?
2423
What is the highest common divisor of 1192117 and 18829?
19
What is the greatest common factor of 15891803 and 2?
1
Calculate the greatest common divisor of 10531347 and 10693.
629
What is the highest common divisor of 606 and 14769230?
202
What is the highest common factor of 405358170 and 21?
21
Calculate the greatest common divisor of 75135878 and 7998.
2666
What is the greatest common factor of 126 and 236028450?
42
What is the greatest common factor of 70834 and 159542?
662
What is the greatest common factor of 2421248 and 480?
32
Calculate the greatest common divisor of 43489217 and 2563.
233
What is the greatest common factor of 2861062 and 1558?
82
Calculate the greatest common divisor of 1943260 and 940.
20
Calculate the greatest common factor of 70852730 and 237.
79
Calculate the highest common divisor of 22976058 and 1244.
622
Calculate the greatest common factor of 610798 and 203.
29
What is the highest common factor of 13383908 and 1128?
188
What is the greatest common divisor of 102 and 7551842?
34
Calculate the highest common divisor of 462179 and 128919.
877
Cal